What is the remainder when 7383077 is divided by 3691532?
13
What is the remainder when 822789 is divided by 7281?
36
What is the remainder when 702303 is divided by 39003?
249
Calculate the remainder when 2280519 is divided by 760167.
18
What is the remainder when 94173 is divided by 1959?
141
What is the remainder when 7866051 is divided by 17?
15
What is the remainder when 4029528 is divided by 304?
8
Calculate the remainder when 4336027 is divided by 96356.
7
What is the remainder when 74306275 is divided by 2433?
22
Calculate the remainder when 23148 is divided by 1350.
198
What is the remainder when 2657484 is divided by 3606?
3468
What is the remainder when 3061684 is divided by 1373?
1267
What is the remainder when 1646882 is divided by 235235?
237
Calculate the remainder when 5557939 is divided by 14.
9
Calculate the remainder when 13941095 is divided by 19.
16
What is the remainder when 16275 is divided by 1304?
627
Calculate the remainder when 4342 is divided by 2906.
1436
What is the remainder when 1066928 is divided by 2040?
8
Calculate the remainder when 4529953 is divided by 73.
11
What is the remainder when 9805709 is divided by 812?
809
What is the remainder when 4283000 is divided by 141?
125
What is the remainder when 62157032 is divided by 58?
56
Calculate the remainder when 213439 is divided by 3208.
1711
Calculate the remainder when 17649 is divided by 5845.
114
What is the remainder when 29889 is divided by 4229?
286
What is the remainder when 52762197 is divided by 202?
201
Calculate the remainder when 3455277 is divided by 863813.
25
Calculate the remainder when 6255484 is divided by 179.
150
Calculate the remainder when 3322829 is divided by 59336.
13
What is the remainder when 68698053 is divided by 42?
39
Calculate the remainder when 5705277 is divided by 19879.
4
Calculate the remainder when 380895 is divided by 126954.
33
Calculate the remainder when 435735 is divided by 1514.
1217
Calculate the remainder when 449693 is divided by 386.
3
What is the remainder when 48307 is divided by 24067?
173
What is the remainder when 881210553 is divided by 17?
15
Calculate the remainder when 6685 is divided by 605.
30
What is the remainder when 252823 is divided by 137?
58
Calculate the remainder when 16992043 is divided by 578.
577
Calculate the remainder when 1539809 is divided by 382.
349
Calculate the remainder when 100683 is divided by 5289.
192
What is the remainder when 350237192 is divided by 11?
8
What is the remainder when 578134137 is divided by 1740?
1737
What is the remainder when 1860648 is divided by 6690?
828
What is the remainder when 143074172 is divided by 32?
28
Calculate the remainder when 621397 is divided by 155321.
113
What is the remainder when 86381363 is divided by 3871?
3869
What is the remainder when 39462577 is divided by 21205?
72
What is the remainder when 5891742 is divided by 981919?
228
Calculate the remainder when 13299639 is divided by 1023049.
2
What is the remainder when 36523 is divided by 6727?
2888
Calculate the remainder when 121628446 is divided by 4151.
4146
What is the remainder when 45628160 is divided by 184?
24
Calculate the remainder when 132667795 is divided by 2456811.
1
What is the remainder when 17863153 is divided by 90?
43
What is the remainder when 156749821 is divided by 3584?
3581
Calculate the remainder when 300566 is divided by 683.
46
Calculate the remainder when 41338998 is divided by 2.
0
Calculate the remainder when 1719744 is divided by 33.
15
Calculate the remainder when 4338167 is divided by 198.
185
What is the remainder when 150385945 is divided by 246?
241
Calculate the remainder when 374261 is divided by 20792.
5
What is the remainder when 1315 is divided by 1192?
123
Calculate the remainder when 236356 is divided by 3044.
1968
What is the remainder when 2423559 is divided by 3909?
3888
What is the remainder when 7185895 is divided by 11572?
11255
What is the remainder when 1332443 is divided by 2835?
2828
Calculate the remainder when 4100694 is divided by 1199.
114
Calculate the remainder when 7078269 is divided by 1769553.
57
What is the remainder when 1707763 is divided by 155243?
90
Calculate the remainder when 33440 is divided by 10732.
1244
Calculate the remainder when 427673 is divided by 1704.
1673
Calculate the remainder when 1918391 is divided by 32.
23
Calculate the remainder when 455692 is divided by 45561.
82
What is the remainder when 18570 is divided by 555?
255
What is the remainder when 15256678 is divided by 5962?
5882
What is the remainder when 34124356 is divided by 1387?
1382
Calculate the remainder when 1149962 is divided by 67644.
14
Calculate the remainder when 14966921 is divided by 31.
28
Calculate the remainder when 9734833 is divided by 807.
799
What is the remainder when 2392201 is divided by 116?
49
What is the remainder when 76567 is divided by 76525?
42
Calculate the remainder when 62851 is divided by 31408.
35
What is the remainder when 55895709 is divided by 2941879?
8
Calculate the remainder when 202244 is divided by 101104.
36
What is the remainder when 8494 is divided by 976?
686
What is the remainder when 25904956 is divided by 60?
16
What is the remainder when 819533 is divided by 228?
101
What is the remainder when 145190 is divided by 75?
65
What is the remainder when 205009 is divided by 68115?
664
What is the remainder when 2322757 is divided by 2322654?
103
Calculate the remainder when 145677 is divided by 143295.
2382
What is the remainder when 23429278 is divided by 798?
796
What is the remainder when 389040 is divided by 413?
407
Calculate the remainder when 6363 is divided by 672.
315
Calculate the remainder when 370426 is divided by 6498.
40
What is the remainder when 1394325 is divided by 696789?
747
What is the remainder when 5065518 is divided by 40?
38
Calculate the remainder when 7941982 is divided by 2647304.
70
What is the remainder when 225237 is divided by 37462?
465
What is the remainder when 11427 is divided by 93?
81
Calculate the remainder when 500689296 is divided by 166896428.
12
What is the remainder when 329499 is divided by 90?
9
What is the remainder when 49984716 is divided by 802?
66
Calculate the remainder when 15832747 is divided by 250.
247
What is the remainder when 1523702 is divided by 1048?
958
What is the remainder when 18581 is divided by 17254?
1327
Calculate the remainder when 1348405 is divided by 20692.
3425
What is the remainder when 12097612 is divided by 930584?
20
Calculate the remainder when 40101707 is divided by 318.
317
Calculate the remainder when 24871 is divided by 12205.
461
Calculate the remainder when 4085261 is divided by 143.
37
What is the remainder when 1084948 is divided by 1284?
1252
Calculate the remainder when 30045884 is divided by 2503821.
32
Calculate the remainder when 2966886 is divided by 988957.
15
What is the remainder when 16120234 is divided by 6024?
10
Calculate the remainder when 7019617 is divided by 111.
88
Calculate the remainder when 7470859 is divided by 232.
227
Calculate the remainder when 1671433 is divided by 428.
93
Calculate the remainder when 7025152 is divided by 1170843.
94
Calculate the remainder when 1321344 is divided by 397.
128
What is the remainder when 410829 is divided by 102697?
41
What is the remainder when 9044620 is divided by 189?
25
What is the remainder when 38600503 is divided by 4825060?
23
Calculate the remainder when 1016524 is divided by 213.
88
Calculate the remainder when 283646 is divided by 242.
22
Calculate the remainder when 1764295 is divided by 160.
135
What is the remainder when 2894731 is divided by 11?
4
Calculate the remainder when 24515306 is divided by 119.
116
What is the remainder when 2422160 is divided by 2218?
104
Calculate the remainder when 907128 is divided by 19718.
100
What is the remainder when 1875622 is divided by 86?
48
What is the remainder when 2113126 is divided by 704366?
28
What is the remainder when 2346796 is divided by 404?
364
What is the remainder when 1016039 is divided by 9153?
56
What is the remainder when 5007 is divided by 2853?
2154
What is the remainder when 317107 is divided by 14356?
1275
What is the remainder when 18189002 is divided by 210?
62
Calculate 